{"id":1216,"date":"2020-12-27T10:28:17","date_gmt":"2020-12-27T09:28:17","guid":{"rendered":"http:\/\/161.97.86.23\/web\/?page_id=1216"},"modified":"2024-10-17T17:58:58","modified_gmt":"2024-10-17T16:58:58","slug":"organigramme","status":"publish","type":"page","link":"https:\/\/web.nasla.cm\/index.php\/organigramme\/","title":{"rendered":"Organigrammes"},"content":{"rendered":"\t\t<div data-elementor-type=\"wp-page\" data-elementor-id=\"1216\" class=\"elementor elementor-1216\">\n\t\t\t\t\t\t<section class=\"elementor-section elementor-top-section elementor-element elementor-element-fb20d8f elementor-section-boxed elementor-section-height-default elementor-section-height-default wpr-particle-no wpr-jarallax-no wpr-parallax-no wpr-sticky-section-no\" data-id=\"fb20d8f\" data-element_type=\"section\" data-e-type=\"section\">\n\t\t\t\t\t\t<div class=\"elementor-container elementor-column-gap-default\">\n\t\t\t\t\t<div class=\"elementor-column elementor-col-100 elementor-top-column elementor-element elementor-element-5df5604\" data-id=\"5df5604\" data-element_type=\"column\" data-e-type=\"column\">\n\t\t\t<div class=\"elementor-widget-wrap elementor-element-populated\">\n\t\t\t\t\t\t<div class=\"elementor-element elementor-element-c2af96a elementor-widget-divider--view-line elementor-widget elementor-widget-divider\" data-id=\"c2af96a\" data-element_type=\"widget\" data-e-type=\"widget\" data-widget_type=\"divider.default\">\n\t\t\t\t<div class=\"elementor-widget-container\">\n\t\t\t\t\t\t\t<div class=\"elementor-divider\">\n\t\t\t<span class=\"elementor-divider-separator\">\n\t\t\t\t\t\t<\/span>\n\t\t<\/div>\n\t\t\t\t\t\t<\/div>\n\t\t\t\t<\/div>\n\t\t\t\t\t<\/div>\n\t\t<\/div>\n\t\t\t\t\t<\/div>\n\t\t<\/section>\n\t\t\t\t<section class=\"elementor-section elementor-top-section elementor-element elementor-element-3f6df59 elementor-section-boxed elementor-section-height-default elementor-section-height-default wpr-particle-no wpr-jarallax-no wpr-parallax-no wpr-sticky-section-no\" data-id=\"3f6df59\" data-element_type=\"section\" data-e-type=\"section\">\n\t\t\t\t\t\t<div class=\"elementor-container elementor-column-gap-default\">\n\t\t\t\t\t<div class=\"elementor-column elementor-col-100 elementor-top-column elementor-element elementor-element-481f176\" data-id=\"481f176\" data-element_type=\"column\" data-e-type=\"column\">\n\t\t\t<div class=\"elementor-widget-wrap elementor-element-populated\">\n\t\t\t\t\t\t<div class=\"elementor-element elementor-element-4b6d9b2 elementor-widget elementor-widget-xpro-heading\" data-id=\"4b6d9b2\" data-element_type=\"widget\" data-e-type=\"widget\" data-widget_type=\"xpro-heading.default\">\n\t\t\t\t<div class=\"elementor-widget-container\">\n\t\t\t\t\t<div class=\"xpro-heading-wrapper xpro-simple-heading-wrapper\">\n\t<a href=\"https:\/\/web.nasla.cm\/wp-content\/uploads\/2024\/10\/NASLA.pdf\" target=\"_blank\"><h2 class=\"xpro-heading-title\"> <span class=\"xpro-title-focus\">Organigramme fonctionnel de l'\u00e9cole<\/span> <\/h2><\/a><\/div>\n\t\t\t\t<\/div>\n\t\t\t\t<\/div>\n\t\t\t\t\t<\/div>\n\t\t<\/div>\n\t\t\t\t\t<\/div>\n\t\t<\/section>\n\t\t\t\t<section class=\"elementor-section elementor-top-section elementor-element elementor-element-98ce0ce elementor-section-boxed elementor-section-height-default elementor-section-height-default wpr-particle-no wpr-jarallax-no wpr-parallax-no wpr-sticky-section-no\" data-id=\"98ce0ce\" data-element_type=\"section\" data-e-type=\"section\">\n\t\t\t\t\t\t<div class=\"elementor-container elementor-column-gap-default\">\n\t\t\t\t\t<div class=\"elementor-column elementor-col-100 elementor-top-column elementor-element elementor-element-07abf75\" data-id=\"07abf75\" data-element_type=\"column\" data-e-type=\"column\">\n\t\t\t<div class=\"elementor-widget-wrap elementor-element-populated\">\n\t\t\t\t\t\t<div class=\"elementor-element elementor-element-1a6e268 elementor-widget elementor-widget-image\" data-id=\"1a6e268\" data-element_type=\"widget\" data-e-type=\"widget\" data-widget_type=\"image.default\">\n\t\t\t\t<div class=\"elementor-widget-container\">\n\t\t\t\t\t\t\t\t\t\t\t\t\t\t\t<img fetchpriority=\"high\" decoding=\"async\" width=\"1024\" height=\"724\" src=\"https:\/\/web.nasla.cm\/wp-content\/uploads\/2024\/10\/NASLA-1024x724.jpg\" class=\"attachment-large size-large wp-image-5898\" alt=\"\" srcset=\"https:\/\/web.nasla.cm\/wp-content\/uploads\/2024\/10\/NASLA-1024x724.jpg 1024w, https:\/\/web.nasla.cm\/wp-content\/uploads\/2024\/10\/NASLA-300x212.jpg 300w, https:\/\/web.nasla.cm\/wp-content\/uploads\/2024\/10\/NASLA-768x543.jpg 768w, https:\/\/web.nasla.cm\/wp-content\/uploads\/2024\/10\/NASLA-18x12.jpg 18w, https:\/\/web.nasla.cm\/wp-content\/uploads\/2024\/10\/NASLA-164x116.jpg 164w, https:\/\/web.nasla.cm\/wp-content\/uploads\/2024\/10\/NASLA-600x424.jpg 600w, https:\/\/web.nasla.cm\/wp-content\/uploads\/2024\/10\/NASLA.jpg 1188w\" sizes=\"(max-width: 1024px) 100vw, 1024px\" \/>\t\t\t\t\t\t\t\t\t\t\t\t\t\t\t<\/div>\n\t\t\t\t<\/div>\n\t\t\t\t\t<\/div>\n\t\t<\/div>\n\t\t\t\t\t<\/div>\n\t\t<\/section>\n\t\t\t\t<section class=\"elementor-section elementor-top-section elementor-element elementor-element-996c265 elementor-section-boxed elementor-section-height-default elementor-section-height-default wpr-particle-no wpr-jarallax-no wpr-parallax-no wpr-sticky-section-no\" data-id=\"996c265\" data-element_type=\"section\" data-e-type=\"section\">\n\t\t\t\t\t\t<div class=\"elementor-container elementor-column-gap-default\">\n\t\t\t\t\t<div class=\"elementor-column elementor-col-100 elementor-top-column elementor-element elementor-element-f50286a\" data-id=\"f50286a\" data-element_type=\"column\" data-e-type=\"column\">\n\t\t\t<div class=\"elementor-widget-wrap elementor-element-populated\">\n\t\t\t\t\t\t<div class=\"elementor-element elementor-element-612e42c elementor-widget elementor-widget-xpro-heading\" data-id=\"612e42c\" data-element_type=\"widget\" data-e-type=\"widget\" data-widget_type=\"xpro-heading.default\">\n\t\t\t\t<div class=\"elementor-widget-container\">\n\t\t\t\t\t<div class=\"xpro-heading-wrapper xpro-simple-heading-wrapper\">\n\t<a href=\"https:\/\/web.nasla.cm\/wp-content\/uploads\/2024\/10\/Direction-Generale.pdf\"><h2 class=\"xpro-heading-title\"> <span class=\"xpro-title-focus\">La Direction G\u00e9n\u00e9rale<\/span> <\/h2><\/a><\/div>\n\t\t\t\t<\/div>\n\t\t\t\t<\/div>\n\t\t\t\t<div class=\"elementor-element elementor-element-2c80ba8 elementor-widget elementor-widget-image\" data-id=\"2c80ba8\" data-element_type=\"widget\" data-e-type=\"widget\" data-widget_type=\"image.default\">\n\t\t\t\t<div class=\"elementor-widget-container\">\n\t\t\t\t\t\t\t\t\t\t\t\t\t\t\t<img decoding=\"async\" width=\"1024\" height=\"724\" src=\"https:\/\/web.nasla.cm\/wp-content\/uploads\/2024\/10\/Direction-Generale-1024x724.jpg\" class=\"attachment-large size-large wp-image-5896\" alt=\"\" srcset=\"https:\/\/web.nasla.cm\/wp-content\/uploads\/2024\/10\/Direction-Generale-1024x724.jpg 1024w, https:\/\/web.nasla.cm\/wp-content\/uploads\/2024\/10\/Direction-Generale-300x212.jpg 300w, https:\/\/web.nasla.cm\/wp-content\/uploads\/2024\/10\/Direction-Generale-768x543.jpg 768w, https:\/\/web.nasla.cm\/wp-content\/uploads\/2024\/10\/Direction-Generale-18x12.jpg 18w, https:\/\/web.nasla.cm\/wp-content\/uploads\/2024\/10\/Direction-Generale-164x116.jpg 164w, https:\/\/web.nasla.cm\/wp-content\/uploads\/2024\/10\/Direction-Generale-600x424.jpg 600w, https:\/\/web.nasla.cm\/wp-content\/uploads\/2024\/10\/Direction-Generale.jpg 1188w\" sizes=\"(max-width: 1024px) 100vw, 1024px\" \/>\t\t\t\t\t\t\t\t\t\t\t\t\t\t\t<\/div>\n\t\t\t\t<\/div>\n\t\t\t\t\t<\/div>\n\t\t<\/div>\n\t\t\t\t\t<\/div>\n\t\t<\/section>\n\t\t\t\t<section class=\"elementor-section elementor-top-section elementor-element elementor-element-80699dc elementor-section-boxed elementor-section-height-default elementor-section-height-default wpr-particle-no wpr-jarallax-no wpr-parallax-no wpr-sticky-section-no\" data-id=\"80699dc\" data-element_type=\"section\" data-e-type=\"section\">\n\t\t\t\t\t\t<div class=\"elementor-container elementor-column-gap-default\">\n\t\t\t\t\t<div class=\"elementor-column elementor-col-100 elementor-top-column elementor-element elementor-element-ef689b3\" data-id=\"ef689b3\" data-element_type=\"column\" data-e-type=\"column\">\n\t\t\t<div class=\"elementor-widget-wrap elementor-element-populated\">\n\t\t\t\t\t\t<div class=\"elementor-element elementor-element-197e629 elementor-widget-divider--view-line elementor-widget elementor-widget-divider\" data-id=\"197e629\" data-element_type=\"widget\" data-e-type=\"widget\" data-widget_type=\"divider.default\">\n\t\t\t\t<div class=\"elementor-widget-container\">\n\t\t\t\t\t\t\t<div class=\"elementor-divider\">\n\t\t\t<span class=\"elementor-divider-separator\">\n\t\t\t\t\t\t<\/span>\n\t\t<\/div>\n\t\t\t\t\t\t<\/div>\n\t\t\t\t<\/div>\n\t\t\t\t\t<\/div>\n\t\t<\/div>\n\t\t\t\t\t<\/div>\n\t\t<\/section>\n\t\t\t\t<section class=\"elementor-section elementor-top-section elementor-element elementor-element-1dba091 elementor-section-boxed elementor-section-height-default elementor-section-height-default wpr-particle-no wpr-jarallax-no wpr-parallax-no wpr-sticky-section-no\" data-id=\"1dba091\" data-element_type=\"section\" data-e-type=\"section\">\n\t\t\t\t\t\t<div class=\"elementor-container elementor-column-gap-default\">\n\t\t\t\t\t<div class=\"elementor-column elementor-col-33 elementor-top-column elementor-element elementor-element-fbe7514\" data-id=\"fbe7514\" data-element_type=\"column\" data-e-type=\"column\">\n\t\t\t<div class=\"elementor-widget-wrap elementor-element-populated\">\n\t\t\t\t\t\t<div class=\"elementor-element elementor-element-8b57cf7 elementor-widget elementor-widget-image\" data-id=\"8b57cf7\" data-element_type=\"widget\" data-e-type=\"widget\" data-widget_type=\"image.default\">\n\t\t\t\t<div class=\"elementor-widget-container\">\n\t\t\t\t\t\t\t\t\t\t\t\t\t\t\t<img decoding=\"async\" width=\"1024\" height=\"483\" src=\"https:\/\/web.nasla.cm\/wp-content\/uploads\/2024\/10\/Services-Rattaches-1024x483.jpg\" class=\"attachment-large size-large wp-image-5900\" alt=\"\" srcset=\"https:\/\/web.nasla.cm\/wp-content\/uploads\/2024\/10\/Services-Rattaches-1024x483.jpg 1024w, https:\/\/web.nasla.cm\/wp-content\/uploads\/2024\/10\/Services-Rattaches-300x141.jpg 300w, https:\/\/web.nasla.cm\/wp-content\/uploads\/2024\/10\/Services-Rattaches-768x362.jpg 768w, https:\/\/web.nasla.cm\/wp-content\/uploads\/2024\/10\/Services-Rattaches-1536x724.jpg 1536w, https:\/\/web.nasla.cm\/wp-content\/uploads\/2024\/10\/Services-Rattaches-2048x965.jpg 2048w, https:\/\/web.nasla.cm\/wp-content\/uploads\/2024\/10\/Services-Rattaches-18x8.jpg 18w, https:\/\/web.nasla.cm\/wp-content\/uploads\/2024\/10\/Services-Rattaches-228x107.jpg 228w, https:\/\/web.nasla.cm\/wp-content\/uploads\/2024\/10\/Services-Rattaches-600x283.jpg 600w\" sizes=\"(max-width: 1024px) 100vw, 1024px\" \/>\t\t\t\t\t\t\t\t\t\t\t\t\t\t\t<\/div>\n\t\t\t\t<\/div>\n\t\t\t\t<div class=\"elementor-element elementor-element-9b2fb31 elementor-align-center elementor-widget elementor-widget-button\" data-id=\"9b2fb31\" data-element_type=\"widget\" data-e-type=\"widget\" data-widget_type=\"button.default\">\n\t\t\t\t<div class=\"elementor-widget-container\">\n\t\t\t\t\t\t\t\t\t<div class=\"elementor-button-wrapper\">\n\t\t\t\t\t<a class=\"elementor-button elementor-button-link elementor-size-sm\" href=\"https:\/\/web.nasla.cm\/wp-content\/uploads\/2024\/10\/Services-Rattaches.pdf\">\n\t\t\t\t\t\t<span class=\"elementor-button-content-wrapper\">\n\t\t\t\t\t\t<span class=\"elementor-button-icon\">\n\t\t\t\t<i aria-hidden=\"true\" class=\"far fa-images\"><\/i>\t\t\t<\/span>\n\t\t\t\t\t\t\t\t\t<span class=\"elementor-button-text\">SERVICES RATTACHES<\/span>\n\t\t\t\t\t<\/span>\n\t\t\t\t\t<\/a>\n\t\t\t\t<\/div>\n\t\t\t\t\t\t\t\t<\/div>\n\t\t\t\t<\/div>\n\t\t\t\t\t<\/div>\n\t\t<\/div>\n\t\t\t\t<div class=\"elementor-column elementor-col-33 elementor-top-column elementor-element elementor-element-a1d8eba\" data-id=\"a1d8eba\" data-element_type=\"column\" data-e-type=\"column\">\n\t\t\t<div class=\"elementor-widget-wrap elementor-element-populated\">\n\t\t\t\t\t\t<div class=\"elementor-element elementor-element-76fed3a elementor-widget elementor-widget-image\" data-id=\"76fed3a\" data-element_type=\"widget\" data-e-type=\"widget\" data-widget_type=\"image.default\">\n\t\t\t\t<div class=\"elementor-widget-container\">\n\t\t\t\t\t\t\t\t\t\t\t\t\t\t\t<img loading=\"lazy\" decoding=\"async\" width=\"1024\" height=\"483\" src=\"https:\/\/web.nasla.cm\/wp-content\/uploads\/2024\/10\/Structures-Operationnelles-1024x483.jpg\" class=\"attachment-large size-large wp-image-5902\" alt=\"\" srcset=\"https:\/\/web.nasla.cm\/wp-content\/uploads\/2024\/10\/Structures-Operationnelles-1024x483.jpg 1024w, https:\/\/web.nasla.cm\/wp-content\/uploads\/2024\/10\/Structures-Operationnelles-300x141.jpg 300w, https:\/\/web.nasla.cm\/wp-content\/uploads\/2024\/10\/Structures-Operationnelles-768x362.jpg 768w, https:\/\/web.nasla.cm\/wp-content\/uploads\/2024\/10\/Structures-Operationnelles-1536x724.jpg 1536w, https:\/\/web.nasla.cm\/wp-content\/uploads\/2024\/10\/Structures-Operationnelles-2048x965.jpg 2048w, https:\/\/web.nasla.cm\/wp-content\/uploads\/2024\/10\/Structures-Operationnelles-18x8.jpg 18w, https:\/\/web.nasla.cm\/wp-content\/uploads\/2024\/10\/Structures-Operationnelles-228x107.jpg 228w, https:\/\/web.nasla.cm\/wp-content\/uploads\/2024\/10\/Structures-Operationnelles-600x283.jpg 600w\" sizes=\"(max-width: 1024px) 100vw, 1024px\" \/>\t\t\t\t\t\t\t\t\t\t\t\t\t\t\t<\/div>\n\t\t\t\t<\/div>\n\t\t\t\t<div class=\"elementor-element elementor-element-e11e0e7 elementor-align-center elementor-widget elementor-widget-button\" data-id=\"e11e0e7\" data-element_type=\"widget\" data-e-type=\"widget\" data-widget_type=\"button.default\">\n\t\t\t\t<div class=\"elementor-widget-container\">\n\t\t\t\t\t\t\t\t\t<div class=\"elementor-button-wrapper\">\n\t\t\t\t\t<a class=\"elementor-button elementor-button-link elementor-size-sm\" href=\"https:\/\/web.nasla.cm\/wp-content\/uploads\/2024\/10\/Structures-Operationnelles.pdf\">\n\t\t\t\t\t\t<span class=\"elementor-button-content-wrapper\">\n\t\t\t\t\t\t<span class=\"elementor-button-icon\">\n\t\t\t\t<i aria-hidden=\"true\" class=\"far fa-images\"><\/i>\t\t\t<\/span>\n\t\t\t\t\t\t\t\t\t<span class=\"elementor-button-text\">STRUCTRES OPERATIONNELLES<\/span>\n\t\t\t\t\t<\/span>\n\t\t\t\t\t<\/a>\n\t\t\t\t<\/div>\n\t\t\t\t\t\t\t\t<\/div>\n\t\t\t\t<\/div>\n\t\t\t\t\t<\/div>\n\t\t<\/div>\n\t\t\t\t<div class=\"elementor-column elementor-col-33 elementor-top-column elementor-element elementor-element-142b5bb\" data-id=\"142b5bb\" data-element_type=\"column\" data-e-type=\"column\">\n\t\t\t<div class=\"elementor-widget-wrap elementor-element-populated\">\n\t\t\t\t\t\t<div class=\"elementor-element elementor-element-522569c elementor-widget elementor-widget-image\" data-id=\"522569c\" data-element_type=\"widget\" data-e-type=\"widget\" data-widget_type=\"image.default\">\n\t\t\t\t<div class=\"elementor-widget-container\">\n\t\t\t\t\t\t\t\t\t\t\t\t\t\t\t<img loading=\"lazy\" decoding=\"async\" width=\"1024\" height=\"292\" src=\"https:\/\/web.nasla.cm\/wp-content\/uploads\/2023\/09\/Orga-Organes-Consultatifs_new-1024x292.jpg\" class=\"attachment-large size-large wp-image-3729\" alt=\"\" srcset=\"https:\/\/web.nasla.cm\/wp-content\/uploads\/2023\/09\/Orga-Organes-Consultatifs_new-1024x292.jpg 1024w, https:\/\/web.nasla.cm\/wp-content\/uploads\/2023\/09\/Orga-Organes-Consultatifs_new-300x86.jpg 300w, https:\/\/web.nasla.cm\/wp-content\/uploads\/2023\/09\/Orga-Organes-Consultatifs_new-768x219.jpg 768w, https:\/\/web.nasla.cm\/wp-content\/uploads\/2023\/09\/Orga-Organes-Consultatifs_new-18x5.jpg 18w, https:\/\/web.nasla.cm\/wp-content\/uploads\/2023\/09\/Orga-Organes-Consultatifs_new-228x65.jpg 228w, https:\/\/web.nasla.cm\/wp-content\/uploads\/2023\/09\/Orga-Organes-Consultatifs_new-600x171.jpg 600w, https:\/\/web.nasla.cm\/wp-content\/uploads\/2023\/09\/Orga-Organes-Consultatifs_new.jpg 1152w\" sizes=\"(max-width: 1024px) 100vw, 1024px\" \/>\t\t\t\t\t\t\t\t\t\t\t\t\t\t\t<\/div>\n\t\t\t\t<\/div>\n\t\t\t\t<div class=\"elementor-element elementor-element-05d2a7d elementor-widget elementor-widget-spacer\" data-id=\"05d2a7d\" data-element_type=\"widget\" data-e-type=\"widget\" data-widget_type=\"spacer.default\">\n\t\t\t\t<div class=\"elementor-widget-container\">\n\t\t\t\t\t\t\t<div class=\"elementor-spacer\">\n\t\t\t<div class=\"elementor-spacer-inner\"><\/div>\n\t\t<\/div>\n\t\t\t\t\t\t<\/div>\n\t\t\t\t<\/div>\n\t\t\t\t<div class=\"elementor-element elementor-element-6057d3d elementor-align-center elementor-widget elementor-widget-button\" data-id=\"6057d3d\" data-element_type=\"widget\" data-e-type=\"widget\" data-widget_type=\"button.default\">\n\t\t\t\t<div class=\"elementor-widget-container\">\n\t\t\t\t\t\t\t\t\t<div class=\"elementor-button-wrapper\">\n\t\t\t\t\t<a class=\"elementor-button elementor-button-link elementor-size-sm\" href=\"https:\/\/web.nasla.cm\/wp-content\/uploads\/2023\/09\/Orga-Organes-Consultatifs_new.jpg\">\n\t\t\t\t\t\t<span class=\"elementor-button-content-wrapper\">\n\t\t\t\t\t\t<span class=\"elementor-button-icon\">\n\t\t\t\t<i aria-hidden=\"true\" class=\"far fa-images\"><\/i>\t\t\t<\/span>\n\t\t\t\t\t\t\t\t\t<span class=\"elementor-button-text\">ORGANES CONSULTATIFS<\/span>\n\t\t\t\t\t<\/span>\n\t\t\t\t\t<\/a>\n\t\t\t\t<\/div>\n\t\t\t\t\t\t\t\t<\/div>\n\t\t\t\t<\/div>\n\t\t\t\t\t<\/div>\n\t\t<\/div>\n\t\t\t\t\t<\/div>\n\t\t<\/section>\n\t\t\t\t<\/div>\n\t\t","protected":false},"excerpt":{"rendered":"<p>Organigramme fonctionnel de l&rsquo;\u00e9cole La Direction G\u00e9n\u00e9rale SERVICES RATTACHES STRUCTRES OPERATIONNELLES ORGANES CONSULTATIFS<\/p>\n","protected":false},"author":88,"featured_media":0,"parent":0,"menu_order":0,"comment_status":"closed","ping_status":"closed","template":"","meta":{"ngg_post_thumbnail":0,"cybocfi_hide_featured_image":"","footnotes":""},"class_list":["post-1216","page","type-page","status-publish","hentry"],"_links":{"self":[{"href":"https:\/\/web.nasla.cm\/index.php\/wp-json\/wp\/v2\/pages\/1216","targetHints":{"allow":["GET"]}}],"collection":[{"href":"https:\/\/web.nasla.cm\/index.php\/wp-json\/wp\/v2\/pages"}],"about":[{"href":"https:\/\/web.nasla.cm\/index.php\/wp-json\/wp\/v2\/types\/page"}],"author":[{"embeddable":true,"href":"https:\/\/web.nasla.cm\/index.php\/wp-json\/wp\/v2\/users\/88"}],"replies":[{"embeddable":true,"href":"https:\/\/web.nasla.cm\/index.php\/wp-json\/wp\/v2\/comments?post=1216"}],"version-history":[{"count":50,"href":"https:\/\/web.nasla.cm\/index.php\/wp-json\/wp\/v2\/pages\/1216\/revisions"}],"predecessor-version":[{"id":5919,"href":"https:\/\/web.nasla.cm\/index.php\/wp-json\/wp\/v2\/pages\/1216\/revisions\/5919"}],"wp:attachment":[{"href":"https:\/\/web.nasla.cm\/index.php\/wp-json\/wp\/v2\/media?parent=1216"}],"curies":[{"name":"wp","href":"https:\/\/api.w.org\/{rel}","templated":true}]}}