{"id":1363,"date":"2021-02-10T19:13:10","date_gmt":"2021-02-10T18:13:10","guid":{"rendered":"http:\/\/161.97.86.23\/web\/?page_id=1363"},"modified":"2024-02-22T18:53:08","modified_gmt":"2024-02-22T17:53:08","slug":"ouverture-concours","status":"publish","type":"page","link":"https:\/\/web.nasla.cm\/index.php\/ouverture-concours\/","title":{"rendered":"Concours"},"content":{"rendered":"\t\t<div data-elementor-type=\"wp-page\" data-elementor-id=\"1363\" class=\"elementor elementor-1363\">\n\t\t\t\t\t\t<section class=\"elementor-section elementor-top-section elementor-element elementor-element-a38ec17 elementor-section-boxed elementor-section-height-default elementor-section-height-default wpr-particle-no wpr-jarallax-no wpr-parallax-no wpr-sticky-section-no\" data-id=\"a38ec17\" data-element_type=\"section\" data-e-type=\"section\">\n\t\t\t\t\t\t<div class=\"elementor-container elementor-column-gap-default\">\n\t\t\t\t\t<div class=\"elementor-column elementor-col-100 elementor-top-column elementor-element elementor-element-da1e0c6\" data-id=\"da1e0c6\" data-element_type=\"column\" data-e-type=\"column\">\n\t\t\t<div class=\"elementor-widget-wrap elementor-element-populated\">\n\t\t\t\t\t\t<div class=\"elementor-element elementor-element-67bd3b4 elementor-widget-divider--view-line elementor-widget elementor-widget-divider\" data-id=\"67bd3b4\" data-element_type=\"widget\" data-e-type=\"widget\" data-widget_type=\"divider.default\">\n\t\t\t\t<div class=\"elementor-widget-container\">\n\t\t\t\t\t\t\t<div class=\"elementor-divider\">\n\t\t\t<span class=\"elementor-divider-separator\">\n\t\t\t\t\t\t<\/span>\n\t\t<\/div>\n\t\t\t\t\t\t<\/div>\n\t\t\t\t<\/div>\n\t\t\t\t\t<\/div>\n\t\t<\/div>\n\t\t\t\t\t<\/div>\n\t\t<\/section>\n\t\t\t\t<section class=\"elementor-section elementor-top-section elementor-element elementor-element-c3303d5 elementor-section-boxed elementor-section-height-default elementor-section-height-default wpr-particle-no wpr-jarallax-no wpr-parallax-no wpr-sticky-section-no\" data-id=\"c3303d5\" data-element_type=\"section\" data-e-type=\"section\">\n\t\t\t\t\t\t<div class=\"elementor-container elementor-column-gap-default\">\n\t\t\t\t\t<div class=\"elementor-column elementor-col-100 elementor-top-column elementor-element elementor-element-80ddafc\" data-id=\"80ddafc\" data-element_type=\"column\" data-e-type=\"column\">\n\t\t\t<div class=\"elementor-widget-wrap elementor-element-populated\">\n\t\t\t\t\t\t<div class=\"elementor-element elementor-element-74aff48 xpro-post-grid-align-left elementor-widget elementor-widget-xpro-post-grid\" data-id=\"74aff48\" data-element_type=\"widget\" data-e-type=\"widget\" data-settings=\"{&quot;column_grid&quot;:&quot;2&quot;,&quot;image_height&quot;:{&quot;unit&quot;:&quot;px&quot;,&quot;size&quot;:200,&quot;sizes&quot;:[]},&quot;space_between&quot;:{&quot;unit&quot;:&quot;px&quot;,&quot;size&quot;:50,&quot;sizes&quot;:[]},&quot;column_grid_tablet&quot;:&quot;2&quot;,&quot;column_grid_mobile&quot;:&quot;1&quot;,&quot;image_height_tablet&quot;:{&quot;unit&quot;:&quot;px&quot;,&quot;size&quot;:&quot;&quot;,&quot;sizes&quot;:[]},&quot;image_height_mobile&quot;:{&quot;unit&quot;:&quot;px&quot;,&quot;size&quot;:&quot;&quot;,&quot;sizes&quot;:[]},&quot;space_between_tablet&quot;:{&quot;unit&quot;:&quot;px&quot;,&quot;size&quot;:15,&quot;sizes&quot;:[]},&quot;space_between_mobile&quot;:{&quot;unit&quot;:&quot;px&quot;,&quot;size&quot;:15,&quot;sizes&quot;:[]},&quot;content_height&quot;:{&quot;unit&quot;:&quot;px&quot;,&quot;size&quot;:&quot;&quot;,&quot;sizes&quot;:[]},&quot;content_height_tablet&quot;:{&quot;unit&quot;:&quot;px&quot;,&quot;size&quot;:&quot;&quot;,&quot;sizes&quot;:[]},&quot;content_height_mobile&quot;:{&quot;unit&quot;:&quot;px&quot;,&quot;size&quot;:&quot;&quot;,&quot;sizes&quot;:[]}}\" data-widget_type=\"xpro-post-grid.default\">\n\t\t\t\t<div class=\"elementor-widget-container\">\n\t\t\t\t\t\n\t\t<div class=\"xpro-post-grid-wrapper xpro-post-grid-layout-1\">\n\n\t\t\t\n\t\t\t\t<div class=\"xpro-post-grid-main cbp\">\n\n\t\t\t\t\t\n<div class=\"cbp-item xpro-post-grid-item\">\n\t\n\t<div class=\"xpro-post-grid-content\">\n\n\t\t\n\t\t\t\t\t<ul class=\"xpro-post-grid-meta-list\">\n\t\t\t\t\t\t\t\t\t\t\t\t\t\t\t<li class=\"xpro-post-grid-meta-date\">\n\t\t\t\t\t\t\t<i aria-hidden=\"true\" class=\"far fa-calendar\"><\/i>\t\t\t\t\t\t\t21 avril 2026\t\t\t\t\t\t<\/li>\n\t\t\t\t\t\t\t\t\t\t\t\t\t\t\t\n\t\t\t\t\t\t\t<\/ul>\n\t\t\n\t\t<a href=\"https:\/\/web.nasla.cm\/index.php\/2026\/04\/21\/communique-report-de-la-date-butoire-de-police-municipale-session-2026\/\">\n\t\t\t<h2 class=\"xpro-post-grid-title\">COMMUNIQUE : Report de la date butoire de Police Municipale, Session 2026<\/h2>\n\t\t<\/a>\n\n\t\t\n\t\t\t\t\t<p class=\"xpro-post-grid-excerpt\">Le Directeur G\u00e9n\u00e9ral de ta National School of Local...<\/p>\n\t\t\t\t\t\t\t<a href=\"https:\/\/web.nasla.cm\/index.php\/2026\/04\/21\/communique-report-de-la-date-butoire-de-police-municipale-session-2026\/\" class=\"xpro-post-grid-btn\">Read More<\/a>\n\t\t\t\t\n\t\t\n\t<\/div>\n<\/div>\n\n<div class=\"cbp-item xpro-post-grid-item\">\n\t\n\t<div class=\"xpro-post-grid-content\">\n\n\t\t\n\t\t\t\t\t<ul class=\"xpro-post-grid-meta-list\">\n\t\t\t\t\t\t\t\t\t\t\t\t\t\t\t<li class=\"xpro-post-grid-meta-date\">\n\t\t\t\t\t\t\t<i aria-hidden=\"true\" class=\"far fa-calendar\"><\/i>\t\t\t\t\t\t\t21 avril 2026\t\t\t\t\t\t<\/li>\n\t\t\t\t\t\t\t\t\t\t\t\t\t\t\t\n\t\t\t\t\t\t\t<\/ul>\n\t\t\n\t\t<a href=\"https:\/\/web.nasla.cm\/index.php\/2026\/04\/21\/communique-convocation-des-candidats-des-listes-dattente-des-concours-session-2026\/\">\n\t\t\t<h2 class=\"xpro-post-grid-title\">COMMUNIQUE : Convocation des candidats des listes d&rsquo;attente des concours, Session 2026<\/h2>\n\t\t<\/a>\n\n\t\t\n\t\t\t\t\t<p class=\"xpro-post-grid-excerpt\">Le Directeur G\u00e9n\u00e9ral de la National School of Local...<\/p>\n\t\t\t\t\t\t\t<a href=\"https:\/\/web.nasla.cm\/index.php\/2026\/04\/21\/communique-convocation-des-candidats-des-listes-dattente-des-concours-session-2026\/\" class=\"xpro-post-grid-btn\">Read More<\/a>\n\t\t\t\t\n\t\t\n\t<\/div>\n<\/div>\n\n<div class=\"cbp-item xpro-post-grid-item\">\n\t\t\t<div class=\"xpro-post-grid-image\">\n\t\t\t<img fetchpriority=\"high\" decoding=\"async\" width=\"600\" height=\"581\" src=\"https:\/\/web.nasla.cm\/wp-content\/uploads\/2024\/02\/Totem_nasla2.jpg\" class=\"attachment-full size-full\" alt=\"\" srcset=\"https:\/\/web.nasla.cm\/wp-content\/uploads\/2024\/02\/Totem_nasla2.jpg 600w, https:\/\/web.nasla.cm\/wp-content\/uploads\/2024\/02\/Totem_nasla2-300x291.jpg 300w, https:\/\/web.nasla.cm\/wp-content\/uploads\/2024\/02\/Totem_nasla2-12x12.jpg 12w, https:\/\/web.nasla.cm\/wp-content\/uploads\/2024\/02\/Totem_nasla2-120x116.jpg 120w, https:\/\/web.nasla.cm\/wp-content\/uploads\/2024\/02\/Totem_nasla2-465x450.jpg 465w\" sizes=\"(max-width: 600px) 100vw, 600px\" \/>\t\t\t\t\t<\/div>\n\t\n\t<div class=\"xpro-post-grid-content\">\n\n\t\t\n\t\t\t\t\t<ul class=\"xpro-post-grid-meta-list\">\n\t\t\t\t\t\t\t\t\t\t\t\t\t\t\t<li class=\"xpro-post-grid-meta-date\">\n\t\t\t\t\t\t\t<i aria-hidden=\"true\" class=\"far fa-calendar\"><\/i>\t\t\t\t\t\t\t24 mars 2026\t\t\t\t\t\t<\/li>\n\t\t\t\t\t\t\t\t\t\t\t\t\t\t\t\n\t\t\t\t\t\t\t<\/ul>\n\t\t\n\t\t<a href=\"https:\/\/web.nasla.cm\/index.php\/2026\/03\/24\/communique-formation-continue-session-2026-semestre-1\/\">\n\t\t\t<h2 class=\"xpro-post-grid-title\">COMMUNIQUE : Formation Continue, Session 2026 &#8211; Semestre 1<\/h2>\n\t\t<\/a>\n\n\t\t\n\t\t\t\t\t<p class=\"xpro-post-grid-excerpt\">Dans le cadre du recrutement des stagiaires de la...<\/p>\n\t\t\t\t\t\t\t<a href=\"https:\/\/web.nasla.cm\/index.php\/2026\/03\/24\/communique-formation-continue-session-2026-semestre-1\/\" class=\"xpro-post-grid-btn\">Read More<\/a>\n\t\t\t\t\n\t\t\n\t<\/div>\n<\/div>\n\n<div class=\"cbp-item xpro-post-grid-item\">\n\t\t\t<div class=\"xpro-post-grid-image\">\n\t\t\t<img fetchpriority=\"high\" decoding=\"async\" width=\"600\" height=\"581\" src=\"https:\/\/web.nasla.cm\/wp-content\/uploads\/2024\/02\/Totem_nasla2.jpg\" class=\"attachment-full size-full\" alt=\"\" srcset=\"https:\/\/web.nasla.cm\/wp-content\/uploads\/2024\/02\/Totem_nasla2.jpg 600w, https:\/\/web.nasla.cm\/wp-content\/uploads\/2024\/02\/Totem_nasla2-300x291.jpg 300w, https:\/\/web.nasla.cm\/wp-content\/uploads\/2024\/02\/Totem_nasla2-12x12.jpg 12w, https:\/\/web.nasla.cm\/wp-content\/uploads\/2024\/02\/Totem_nasla2-120x116.jpg 120w, https:\/\/web.nasla.cm\/wp-content\/uploads\/2024\/02\/Totem_nasla2-465x450.jpg 465w\" sizes=\"(max-width: 600px) 100vw, 600px\" \/>\t\t\t\t\t<\/div>\n\t\n\t<div class=\"xpro-post-grid-content\">\n\n\t\t\n\t\t\t\t\t<ul class=\"xpro-post-grid-meta-list\">\n\t\t\t\t\t\t\t\t\t\t\t\t\t\t\t<li class=\"xpro-post-grid-meta-date\">\n\t\t\t\t\t\t\t<i aria-hidden=\"true\" class=\"far fa-calendar\"><\/i>\t\t\t\t\t\t\t22 mars 2026\t\t\t\t\t\t<\/li>\n\t\t\t\t\t\t\t\t\t\t\t\t\t\t\t\n\t\t\t\t\t\t\t<\/ul>\n\t\t\n\t\t<a href=\"https:\/\/web.nasla.cm\/index.php\/2026\/03\/22\/communique-resultats-des-admissibilites-des-cycles-a-et-b-session-2026\/\">\n\t\t\t<h2 class=\"xpro-post-grid-title\">COMMUNIQUE : R\u00e9sultats des admissibilit\u00e9s des Cycles A et B, Session 2026<\/h2>\n\t\t<\/a>\n\n\t\t\n\t\t\t\t\t<p class=\"xpro-post-grid-excerpt\">Le Directeur G\u00e9n\u00e9ral de la National School of Local...<\/p>\n\t\t\t\t\t\t\t<a href=\"https:\/\/web.nasla.cm\/index.php\/2026\/03\/22\/communique-resultats-des-admissibilites-des-cycles-a-et-b-session-2026\/\" class=\"xpro-post-grid-btn\">Read More<\/a>\n\t\t\t\t\n\t\t\n\t<\/div>\n<\/div>\n\n<div class=\"cbp-item xpro-post-grid-item\">\n\t\t\t<div class=\"xpro-post-grid-image\">\n\t\t\t<img decoding=\"async\" width=\"720\" height=\"331\" src=\"https:\/\/web.nasla.cm\/wp-content\/uploads\/2025\/04\/pm202503-00.jpg\" class=\"attachment-full size-full\" alt=\"\" srcset=\"https:\/\/web.nasla.cm\/wp-content\/uploads\/2025\/04\/pm202503-00.jpg 720w, https:\/\/web.nasla.cm\/wp-content\/uploads\/2025\/04\/pm202503-00-300x138.jpg 300w, https:\/\/web.nasla.cm\/wp-content\/uploads\/2025\/04\/pm202503-00-18x8.jpg 18w, https:\/\/web.nasla.cm\/wp-content\/uploads\/2025\/04\/pm202503-00-228x105.jpg 228w, https:\/\/web.nasla.cm\/wp-content\/uploads\/2025\/04\/pm202503-00-600x276.jpg 600w\" sizes=\"(max-width: 720px) 100vw, 720px\" \/>\t\t\t\t\t<\/div>\n\t\n\t<div class=\"xpro-post-grid-content\">\n\n\t\t\n\t\t\t\t\t<ul class=\"xpro-post-grid-meta-list\">\n\t\t\t\t\t\t\t\t\t\t\t\t\t\t\t<li class=\"xpro-post-grid-meta-date\">\n\t\t\t\t\t\t\t<i aria-hidden=\"true\" class=\"far fa-calendar\"><\/i>\t\t\t\t\t\t\t6 mars 2026\t\t\t\t\t\t<\/li>\n\t\t\t\t\t\t\t\t\t\t\t\t\t\t\t\n\t\t\t\t\t\t\t<\/ul>\n\t\t\n\t\t<a href=\"https:\/\/web.nasla.cm\/index.php\/2026\/03\/06\/appel-a-candidatures-pour-le-recrutement-des-agents-de-la-police-municipale-2026\/\">\n\t\t\t<h2 class=\"xpro-post-grid-title\">APPEL A CANDIDATURES POUR LE RECRUTEMENT DES AGENTS DE LA POLICE MUNICIPALE 2026<\/h2>\n\t\t<\/a>\n\n\t\t\n\t\t\t\t\t<p class=\"xpro-post-grid-excerpt\">Le Directeur G\u00e9n\u00e9ral\u00a0 de la National School of Local...<\/p>\n\t\t\t\t\t\t\t<a href=\"https:\/\/web.nasla.cm\/index.php\/2026\/03\/06\/appel-a-candidatures-pour-le-recrutement-des-agents-de-la-police-municipale-2026\/\" class=\"xpro-post-grid-btn\">Read More<\/a>\n\t\t\t\t\n\t\t\n\t<\/div>\n<\/div>\n\n<div class=\"cbp-item xpro-post-grid-item\">\n\t\t\t<div class=\"xpro-post-grid-image\">\n\t\t\t<img decoding=\"async\" width=\"2000\" height=\"900\" src=\"https:\/\/web.nasla.cm\/wp-content\/uploads\/2025\/02\/New_building_slide.jpg\" class=\"attachment-full size-full\" alt=\"\" srcset=\"https:\/\/web.nasla.cm\/wp-content\/uploads\/2025\/02\/New_building_slide.jpg 2000w, https:\/\/web.nasla.cm\/wp-content\/uploads\/2025\/02\/New_building_slide-300x135.jpg 300w, https:\/\/web.nasla.cm\/wp-content\/uploads\/2025\/02\/New_building_slide-1024x461.jpg 1024w, https:\/\/web.nasla.cm\/wp-content\/uploads\/2025\/02\/New_building_slide-768x346.jpg 768w, https:\/\/web.nasla.cm\/wp-content\/uploads\/2025\/02\/New_building_slide-1536x691.jpg 1536w, https:\/\/web.nasla.cm\/wp-content\/uploads\/2025\/02\/New_building_slide-18x8.jpg 18w, https:\/\/web.nasla.cm\/wp-content\/uploads\/2025\/02\/New_building_slide-228x103.jpg 228w, https:\/\/web.nasla.cm\/wp-content\/uploads\/2025\/02\/New_building_slide-600x270.jpg 600w\" sizes=\"(max-width: 2000px) 100vw, 2000px\" \/>\t\t\t\t\t<\/div>\n\t\n\t<div class=\"xpro-post-grid-content\">\n\n\t\t\n\t\t\t\t\t<ul class=\"xpro-post-grid-meta-list\">\n\t\t\t\t\t\t\t\t\t\t\t\t\t\t\t<li class=\"xpro-post-grid-meta-date\">\n\t\t\t\t\t\t\t<i aria-hidden=\"true\" class=\"far fa-calendar\"><\/i>\t\t\t\t\t\t\t6 f\u00e9vrier 2026\t\t\t\t\t\t<\/li>\n\t\t\t\t\t\t\t\t\t\t\t\t\t\t\t\n\t\t\t\t\t\t\t<\/ul>\n\t\t\n\t\t<a href=\"https:\/\/web.nasla.cm\/index.php\/2026\/02\/06\/concours-dentree-a-la-nasla-2025-listes-definitives-cycle-b\/\">\n\t\t\t<h2 class=\"xpro-post-grid-title\">CONCOURS D&rsquo;ENTREE A LA NASLA 2025 &#8211; LISTES DEFINITIVES CYCLE B<\/h2>\n\t\t<\/a>\n\n\t\t\n\t\t\t\t\t<p class=\"xpro-post-grid-excerpt\">Le Directeur G\u00e9n\u00e9ral de la National School of Local...<\/p>\n\t\t\t\t\t\t\t<a href=\"https:\/\/web.nasla.cm\/index.php\/2026\/02\/06\/concours-dentree-a-la-nasla-2025-listes-definitives-cycle-b\/\" class=\"xpro-post-grid-btn\">Read More<\/a>\n\t\t\t\t\n\t\t\n\t<\/div>\n<\/div>\n\n\t\t\t\t<\/div>\n\n\t\t\t\t\n\t\t\t\t\t<nav class=\"xpro-elementor-post-pagination\" role=\"navigation\"\n\t\t\t\t\t\t aria-label=\"Pagination\">\n\t\t\t\t\t\t<span aria-current=\"page\" class=\"page-numbers current\">1<\/span>\n<a class=\"page-numbers\" href=\"https:\/\/web.nasla.cm\/index.php\/wp-json\/wp\/v2\/pages\/1363\/page\/2\/\">2<\/a>\n<a class=\"page-numbers\" href=\"https:\/\/web.nasla.cm\/index.php\/wp-json\/wp\/v2\/pages\/1363\/page\/3\/\">3<\/a>\n<span class=\"page-numbers dots\">\u2026<\/span>\n<a class=\"page-numbers\" href=\"https:\/\/web.nasla.cm\/index.php\/wp-json\/wp\/v2\/pages\/1363\/page\/5\/\">5<\/a>\n<a class=\"next page-numbers\" href=\"https:\/\/web.nasla.cm\/index.php\/wp-json\/wp\/v2\/pages\/1363\/page\/2\/\"><span class=\"xpro-elementor-post-pagination-next-text\">Next<\/span><i class=\"fasfa-arrow-right\"><\/i><\/a>\t\t\t\t\t<\/nav>\n\n\t\t\t\t\t\n\t\t<\/div>\n\n\t\t\t\t\t\t<\/div>\n\t\t\t\t<\/div>\n\t\t\t\t\t<\/div>\n\t\t<\/div>\n\t\t\t\t\t<\/div>\n\t\t<\/section>\n\t\t\t\t<\/div>\n\t\t","protected":false},"excerpt":{"rendered":"<p>21 f\u00e9vrier 2024 Ann\u00e9e acad\u00e9mique 2024\/2025 (Cycle C) Arr\u00eat\u00e9 portant ouverture d\u2019un concours pour le recrutement de&#8230; Read More 21 &hellip; <\/p>\n","protected":false},"author":88,"featured_media":0,"parent":0,"menu_order":0,"comment_status":"closed","ping_status":"closed","template":"","meta":{"ngg_post_thumbnail":0,"cybocfi_hide_featured_image":"","footnotes":""},"class_list":["post-1363","page","type-page","status-publish","hentry"],"_links":{"self":[{"href":"https:\/\/web.nasla.cm\/index.php\/wp-json\/wp\/v2\/pages\/1363","targetHints":{"allow":["GET"]}}],"collection":[{"href":"https:\/\/web.nasla.cm\/index.php\/wp-json\/wp\/v2\/pages"}],"about":[{"href":"https:\/\/web.nasla.cm\/index.php\/wp-json\/wp\/v2\/types\/page"}],"author":[{"embeddable":true,"href":"https:\/\/web.nasla.cm\/index.php\/wp-json\/wp\/v2\/users\/88"}],"replies":[{"embeddable":true,"href":"https:\/\/web.nasla.cm\/index.php\/wp-json\/wp\/v2\/comments?post=1363"}],"version-history":[{"count":66,"href":"https:\/\/web.nasla.cm\/index.php\/wp-json\/wp\/v2\/pages\/1363\/revisions"}],"predecessor-version":[{"id":3886,"href":"https:\/\/web.nasla.cm\/index.php\/wp-json\/wp\/v2\/pages\/1363\/revisions\/3886"}],"wp:attachment":[{"href":"https:\/\/web.nasla.cm\/index.php\/wp-json\/wp\/v2\/media?parent=1363"}],"curies":[{"name":"wp","href":"https:\/\/api.w.org\/{rel}","templated":true}]}}